e
Is 2377069 a composite number?
False
Is 1021809571 composite?
False
Is 776341 a composite number?
True
Is 89851739 composite?
False
Is 76506511 a composite number?
True
Is 4058519 prime?
True
Is 7198109 a prime number?
True
Is 12474893 composite?
True
Is 46390699 a composite number?
True
Is 5092069 composite?
False
Is 1364113 prime?
False
Is 1138213 composite?
False
Is 4914859 a composite number?
True
Is 16702909 composite?
True
Is 5985193 prime?
True
Is 73642859 prime?
True
Is 1150909 a prime number?
True
Is 670409 a prime number?
True
Is 1591165 a composite number?
True
Is 16591571 prime?
True
Is 10522631 prime?
False
Is 515615 prime?
False
Is 4729861 prime?
False
Is 7873133 a prime number?
True
Is 2206021 a prime number?
True
Is 80309911 composite?
True
Is 7000211 a composite number?
True
Is 1142747 a composite number?
True
Is 13891943 composite?
True
Is 13851347 a composite number?
False
Is 26722009 a prime number?
False
Is 170529703 prime?
False
Is 29033065 composite?
True
Is 3272267 a composite number?
True
Is 29477933 composite?
False
Is 195731 a prime number?
True
Is 2852917 a composite number?
False
Is 3396823 prime?
False
Is 132067 a prime number?
False
Is 17150683 a prime number?
False
Is 19477999 a prime number?
True
Is 431448263 composite?
False
Is 35470181 a prime number?
True
Is 52231715 prime?
False
Is 302744033 composite?
False
Is 32863535 composite?
True
Is 1094881 a prime number?
True
Is 132719081 composite?
True
Is 11774483 prime?
False
Is 261632887 a prime number?
True
Is 110617541 prime?
True
Is 79319 a prime number?
True
Is 92071957 a prime number?
True
Is 9143401 prime?
False
Is 1508383 composite?
False
Is 168666583 a prime number?
True
Is 16821773 a prime number?
True
Is 851597 prime?
True
Is 138957485 prime?
False
Is 29616593 composite?
True
Is 1820999 prime?
True
Is 91197209 composite?
False
Is 9813 a prime number?
False
Is 841333573 composite?
False
Is 135543857 composite?
True
Is 854117 a composite number?
True
Is 197519827 composite?
True
Is 203095153 a composite number?
False
Is 109861 composite?
True
Is 55600639 composite?
True
Is 52807733 composite?
True
Is 348559 prime?
True
Is 115288667 a composite number?
True
Is 120927353 a prime number?
False
Is 8439779 prime?
False
Is 24845839 a prime number?
True
Is 267093031 prime?
False
Is 10557497 composite?
False
Is 1011107 a prime number?
True
Is 1275671 a composite number?
True
Is 2712667 a prime number?
True
Is 1166023 a composite number?
True
Is 250996231 a prime number?
False
Is 156058687 prime?
False
Is 27991837 a composite number?
True
Is 5197951 composite?
True
Is 4316519 composite?
False
Is 3607337 composite?
True
Is 169595845 composite?
True
Is 92791 prime?
True
Is 1028451029 composite?
False
Is 9192917 composite?
False
Is 2564351 a composite number?
True
Is 307301 a prime number?
True
Is 46993 prime?
True
Is 310069 a prime number?
False
Is 2184277 prime?
True
Is 4941141 prime?
False
Is 78198753 a composite number?
True
Is 61455677 a prime number?
True
Is 16207207 a composite number?
False
Is 21215011 a prime number?
False
Is 7112327 a composite number?
True
Is 1925149 a composite number?
False
Is 117360253 prime?
True
Is 123277961 composite?
True
Is 1410373 prime?
True
Is 1034639 a composite number?
False
Is 3626113 prime?
True
Is 4042057 prime?
True
Is 34929038 prime?
False
Is 771347 a composite number?
True
Is 14908841 a prime number?
False
Is 1133009 prime?
True
Is 9663889 composite?
False
Is 2111807 composite?
True
Is 2938091 composite?
True
Is 23473703 a prime number?
False
Is 6972547 composite?
False
Is 1664501 prime?
True
Is 103156423 prime?
False
Is 283983229 a prime number?
True
Is 105966367 a prime number?
False
Is 174458137 prime?
False
Is 42385089 prime?
False
Is 5268899 composite?
False
Is 33426041 prime?
False
Is 18678917 composite?
False
Is 14601511 composite?
True
Is 14957177 prime?
True
Is 355261 prime?
True
Is 1129589 a prime number?
False
Is 3825807 a prime number?
False
Is 7092431 a prime number?
True
Is 35866003 a prime number?
True
Is 260042659 a prime number?
False
Is 7601507 a prime number?
True
Is 36890423 a prime number?
True
Is 104008577 a prime number?
True
Is 181300841 a prime number?
False
Is 913571 a prime number?
True
Is 2821219 prime?
False
Is 26241673 a composite number?
True
Is 57495073 composite?
True
Is 90733711 composite?
False
Is 127208519 composite?
False
Is 448667 a composite number?
False
Is 160931 a composite number?
True
Is 2242999 prime?
False
Is 265955818 prime?
False
Is 39253681 composite?
True
Is 301141 prime?
True
Is 20502673 composite?
False
Is 5357831 a composite number?
False
Is 258877 a composite number?
True
Is 1729591 a prime number?
True
Is 2512919 a composite number?
False
Is 5055863 prime?
False
Is 8808383 a prime number?
True
Is 260578049 prime?
True
Is 80788579 a composite number?
False
Is 52671779 a prime number?
True
Is 86639387 a composite number?
True
Is 55978253 prime?
True
Is 1850609 a prime number?
True
Is 22139191 a composite number?
False
Is 81165761 prime?
True
Is 60560029 a composite number?
False
Is 688847 a prime number?
False
Is 315539782 prime?
False
Is 41092717 prime?
False
Is 254902465 prime?
False
Is 2523659 a prime number?
False
Is 5881501 a composite number?
False
Is 26669303 a composite number?
False
Is 115659839 a composite number?
False
Is 10140353 a composite number?
False
Is 58941887 a composite number?
True
Is 4170007 a prime number?
True
Is 94147609 a composite number?
False
Is 2683711 a composite number?
True
Is 45632843 a composite number?
False
Is 20033813 a prime number?
True
Is 24128003 a composite number?
False
Is 62832634 prime?
False
Is 32396887 composite?
False
Is 33112267 composite?
False
Is 69963077 a prime number?
True
Is 138711719 prime?
True
Is 1888409 a composite number?
False
Is 3793913 a composite number?
True
Is 7910486 a prime number?
False
Is 7127231 composite?
False
Is 108161 composite?
False
Is 6970123 a prime number?
False
Is 9434293 a prime number?
False
Is 36152327 prime?
False
Is 133131251 a prime number?
False
Is 1117873 a prime number?
False
Is 14976181 a composite number?
True
Is 1969217 prime?
False
Is 102892579 a composite number?
False
Is 20384917 a composite number?
True
Is 19204571 prime?
True
Is 6810163 prime?
False
Is 5766581 a prime number?
True
Is 2196959 composite?
False
Is 106944951 a prime number?
False
Is 994979 a prime number?
False
Is 3796363 composite?
False
Is 9255839 composite?
True
Is 60167753 a prime number?
False
Is 5608133 a composite number?
True
Is 182889601 a prime number?
False
Is 1058947597 a composite number?
False
Is 4016959 composite?
False
Is 2053229861 composite?
False
Is 8051713 a composite number?
False
Is 259244857 composite?
False
Is 235951 a prime number?
True
Is 7579679 composite?
False
Is 95920247 prime?
True
Is 2789141 a prime number?
False
Is 76355131 a composite number?
False
Is 12696349 a composite number?
False
Is 34772629 composite?
False
Is 678709 composite?
True
Is 7872737 composite?
True
Is 68949359 composite?
True
Is 534145223 a prime number?
False
Is 498053 a prime number?
True
Is 7600907 composite?
False
Is 966863 a prime number?
True
Is 973127 prime?
False
Is 135328717 a composite number?
False
Is 2455517 composite?
True
Is 3928819 a composite number?
True
Is 291593269 prime?
False
Is 162594881 a composite number?
False
Is 68207537 prime?
True
Is 12228649 composite?
True
Is 2958161 composite?
True
Is 44294 composite?
True
Is 361723 a composite number?
False
Is 5354953 a prime number?
True
Is 264004931 composite?
False
Is 2170835 a composite number?
True
Is 3383021 prime?
False
Is 6230759 a composite number?
False
Is 19245481 composite?
True
Is 98198279 composite?
False
Is 25205867 a prime number?
True
Is 32615651 prime?
False
Is 62147749 a prime number?
False
Is 152527547 composite?
False
Is 7614781 a prime number?
False
Is 3210061 prime?
True
Is 415031 prime?
True
Is 2132359 a prime number?
True
Is 2745419 a composite number?
False
Is 243668357 composite?
False
Is 179668589 a composite number?
True
Is 736623911 a prime number?
True
Is 7268999 a prime number?
True
Is 14568727 a composite number?
False
Is 5638601 a composite number?
False
Is 65045333 composite?
False
Is 3974101 composi